12853?
5
What is the units digit of 13775240?
0
What is the hundreds digit of 3390979?
9
What is the thousands digit of 6966?
6
What is the tens digit of 4035558?
5
What is the tens digit of 2915462?
6
What is the millions digit of 13913685?
3
What is the hundreds digit of 69699?
6
What is the hundreds digit of 1020274?
2
What is the units digit of 3299016?
6
What is the hundreds digit of 437423?
4
What is the hundreds digit of 612115?
1
What is the units digit of 187205?
5
What is the tens digit of 153545?
4
What is the tens digit of 239257?
5
What is the hundreds digit of 549365?
3
What is the ten thousands digit of 280495?
8
What is the millions digit of 7985767?
7
What is the millions digit of 10137942?
0
What is the millions digit of 13310046?
3
What is the tens digit of 1001426?
2
What is the units digit of 173902?
2
What is the millions digit of 2625145?
2
What is the units digit of 520842?
2
What is the hundreds digit of 23820016?
0
What is the thousands digit of 302235?
2
What is the hundred thousands digit of 1135266?
1
What is the ten thousands digit of 623879?
2
What is the ten thousands digit of 830870?
3
What is the thousands digit of 510534?
0
What is the ten thousands digit of 140297?
4
What is the hundred thousands digit of 333272?
3
What is the units digit of 13441699?
9
What is the hundred thousands digit of 12497402?
4
What is the thousands digit of 396366?
6
What is the ten thousands digit of 4201059?
0
What is the units digit of 122949?
9
What is the thousands digit of 282845?
2
What is the hundreds digit of 141503?
5
What is the ten thousands digit of 61843?
6
What is the thousands digit of 791263?
1
What is the tens digit of 1339115?
1
What is the thousands digit of 242953?
2
What is the units digit of 233140?
0
What is the units digit of 104441?
1
What is the millions digit of 10524011?
0
What is the tens digit of 885102?
0
What is the tens digit of 2350051?
5
What is the ten thousands digit of 130656?
3
What is the units digit of 14197731?
1
What is the hundreds digit of 15882778?
7
What is the millions digit of 3069236?
3
What is the tens digit of 12280345?
4
What is the millions digit of 17674435?
7
What is the units digit of 427858?
8
What is the ten thousands digit of 69454?
6
What is the ten thousands digit of 10179175?
7
What is the units digit of 3380156?
6
What is the units digit of 347952?
2
What is the units digit of 3741304?
4
What is the ten thousands digit of 5399870?
9
What is the tens digit of 95573?
7
What is the thousands digit of 10292931?
2
What is the ten thousands digit of 22816335?
1
What is the units digit of 3285591?
1
What is the hundred thousands digit of 3549944?
5
What is the millions digit of 6576772?
6
What is the thousands digit of 12351599?
1
What is the ten thousands digit of 33548576?
4
What is the tens digit of 1025385?
8
What is the thousands digit of 9242105?
2
What is the hundred thousands digit of 528139?
5
What is the tens digit of 783042?
4
What is the ten thousands digit of 96586?
9
What is the thousands digit of 5188264?
8
What is the hundreds digit of 1356692?
6
What is the hundred thousands digit of 277472?
2
What is the ten thousands digit of 1204206?
0
What is the thousands digit of 390541?
0
What is the units digit of 1368172?
2
What is the tens digit of 175068?
6
What is the units digit of 80901?
1
What is the hundreds digit of 176094?
0
What is the hundreds digit of 19583987?
9
What is the millions digit of 4729935?
4
What is the tens digit of 1182240?
4
What is the hundred thousands digit of 696661?
6
What is the ten thousands digit of 344035?
4
What is the tens digit of 598608?
0
What is the tens digit of 7248649?
4
What is the tens digit of 414424?
2
What is the ten thousands digit of 222638?
2
What is the hundreds digit of 4639909?
9
What is the hundred thousands digit of 155533?
1
What is the hundreds digit of 3170151?
1
What is the hundreds digit of 39227?
2
What is the units digit of 84144?
4
What is the units digit of 36725?
5
What is the ten thousands digit of 637006?
3
What is the hundred thousands digit of 166570?
1
What is the hundred thousands digit of 8696324?
6
What is the hundreds digit of 3015555?
5
What is the units digit of 8832319?
9
What is the tens digit of 4478336?
3
What is the thousands digit of 556751?
6
What is the millions digit of 1918666?
1
What is the ten thousands digit of 699284?
9
What is the hundred thousands digit of 801336?
8
What is the units digit of 105775?
5
What is the ten thousands digit of 78286?
7
What is the hundreds digit of 28047506?
5
What is the hundreds digit of 141759?
7
What is the tens digit of 275344?
4
What is the thousands digit of 2623125?
3
What is the millions digit of 10783524?
0
What is the hundred thousands digit of 864147?
8
What is the tens digit of 605822?
2
What is the hundred thousands digit of 6107890?
1
What is the thousands digit of 7202?
7
What is the thousands digit of 222072?
2
What is the hundreds digit of 5135623?
6
What is the hundreds digit of 1041160?
1
What is the units digit of 4228580?
0
What is the tens digit of 2720355?
5
What is the hundreds digit of 308?
3
What is the thousands digit of 2362751?
2
What is the hundred thousands digit of 3195638?
1
What is the tens digit of 1440315?
1
What is the tens digit of 156581?
8
What is the thousands digit of 426341?
6
What is the tens digit of 808622?
2
What is the hundred thousands digit of 3105234?
1
What is the ten thousands digit of 454009?
5
What is the hundred thousands digit of 173242?
1
What is the ten thousands digit of 16540725?
4
What is the tens digit of 126523?
2
What is the ten thousands digit of 1335849?
3
What is the hundred thousands digit of 772805?
7
What is the units digit of 33143362?
2
What is the units digit of 9072047?
7
What is the hundreds digit of 262412?
4
What is the units digit of 200882?
2
What is the hundreds digit of 530224?
2
What is the tens digit of 4645413?
1
What is the hundred thousands digit of 5958370?
9
What is the hundreds digit of 94861?
8
What is the hundreds digit of 25105522?
5
What is the thousands digit of 562793?
2
What is the tens digit of 18270889?
8
What is the units digit of 187209?
9
What is the thousands digit of 247476?
7
What is the tens digit of 1452858?
5
What is the hundred thousands digit of 2237187?
2
What is the millions digit of 2896878?
2
What is the millions digit of 10345971?
0
What is the tens digit of 441357?
5
What is the ten thousands digit of 6990268?
9
What is the millions digit of 3776017?
3
What is the ten thousands digit of 133506?
3
What is the millions digit of 34317632?
4
What is the thousands digit of 7152573?
2
What is the thousands digit of 401333?
1
What is the ten thousands digit of 1036475?
3
What is the ten thousands digit of 285776?
8
What is the hundreds digit of 37961043?
0
What is the hundred thousands digit of 322778?
3
What is the hundred thousands digit of 653337?
6
What is the tens digit of 11312145?
4
What is the hundred thousands digit of 2926368?
9
What is the hundreds digit of 32130804?
8
What is the units digit of 58931?
1
What is the ten thousands digit of 785215?
8
What is the tens digit of 1819?
1
What is the ten thousands digit of 270472?
7
What is the thousands digit of 291867?
1
What is the tens digit of 821581?
8
What is the ten thousands digit of 12337680?
3
What is the millions digit of 3105805?
3
What is the units digit of 82792?
2
What is the millions digit of 1787261?
1
What is the hundreds digit of 197713?
7
What is the millions digit of 38558503?
8
What is the thousands digit of 2296641?
6
What is the hundreds digit of 1298309?
3
What is the hundreds digit of 880570?
5
What is the units digit of 179460?
0
What is the thousands digit of 175243?
5
What is the hundred thousands digit of 602599?
6
What is the hundreds digit of 819?
8
What is the units digit of 205559?
9
What is the hundreds digit of 506403?
4
What is the ten thousands digit of 328573?
2
What is the units digit of 65384?
4
What is the units digit of 16371?
1
What is the units digit of 415591?
1
What is the hundred thousands digit of 766594?
7
What is the ten thousands digit of 380489?
8
What is the hundred thousands digit of 149265?
1
What is the millions digit of 2